e q(5).
17
Let v(y) = y**2 - 13*y + 36. Calculate v(8).
-4
Let a(v) = v**2 - 13*v + 17. Determine a(14).
31
Let g(j) = -2*j - 2. What is g(-2)?
2
Let z(k) = -k**3 - 4*k**2 - 4*k + 1. Give z(-3).
4
Let z(h) = -h**3 - 9*h**2 - 7*h + 4. Give z(-8).
-4
Let w(g) = 203*g - 16. Calculate w(-1).
-219
Let y(s) = 2*s**3 + 2*s**2 - 14*s - 31. Calculate y(-3).
-25
Let o(t) = -2*t**3 - 3*t**2 + 8*t + 20. What is o(-2)?
8
Let f(v) = v**3 - v**2 - v - 4. Determine f(0).
-4
Let c(n) = 13*n**3 - n**2 - n + 1. Calculate c(-1).
-12
Let p(g) = -18*g - 405. Calculate p(-23).
9
Let n(z) = -z**2 + 9*z + 45. Give n(-4).
-7
Let j(x) = -x**3 - 34*x**2 - 35*x - 50. Determine j(-33).
16
Let c(l) = l**2 + 4*l + 13. Calculate c(-4).
13
Let i(h) = -h**3 + 9*h**2 + h - 6. Determine i(8).
66
Let x(j) = 5*j**2 + 2*j - 1. Determine x(-2).
15
Let c(x) = x**3 - 7*x**2 + 3*x - 5. What is c(7)?
16
Let r(m) = -28*m + 33. Determine r(1).
5
Let r(w) = 22*w + 181. What is r(-9)?
-17
Let y(x) = x**2 + 26*x + 29. Calculate y(-25).
4
Let t(k) = 2*k**3 - 16*k**2 + 3. What is t(8)?
3
Let a(b) = -b**2 - 7*b + 15. Calculate a(-9).
-3
Let g(y) = -y**3 - 18*y**2 - 42*y + 22. Determine g(-15).
-23
Let k(v) = 3*v - 35. Calculate k(11).
-2
Let d(l) = -l**3 - 5*l**2 - 5*l + 5. Give d(-3).
2
Let b(t) = -4*t + 31. What is b(10)?
-9
Let v(c) = c**2 - 8*c. What is v(6)?
-12
Let g(z) = -5*z + 19. Give g(2).
9
Let h(r) = 15*r**3 - r**2 + 3*r - 3. Calculate h(1).
14
Let j(d) = 115*d - 226. Determine j(2).
4
Let s(t) = t**3 + 3*t**2 - 18*t + 9. What is s(-6)?
9
Let c(s) = -7*s + 5. Calculate c(4).
-23
Let c(x) = x**3 - x**2 - 5*x. Determine c(4).
28
Let n(o) = -2*o - 15. Determine n(18).
-51
Let y(i) = i**3 + 2*i**2 - 3*i + 5. Determine y(-5).
-55
Let m(x) = x**2 + 67*x + 875. What is m(-49)?
-7
Let u(j) = 81*j - 1. Determine u(1).
80
Let x(l) = -8*l**3 - 2*l**2 + 3*l - 2. Calculate x(1).
-9
Let w(d) = 3*d. Calculate w(5).
15
Let r(b) = b**3 + 9*b**2 - 8*b - 2. Calculate r(-10).
-22
Let k(r) = -r - 3. Determine k(8).
-11
Let k(l) = -3*l + 79. What is k(28)?
-5
Let r(l) = l**2 + 37. Calculate r(0).
37
Let d(n) = -4*n**2 - 3*n - 1. Determine d(-2).
-11
Let h(d) = -4*d**2 - 150*d - 73. Calculate h(-37).
1
Let b(g) = -2*g**2 + 15*g - 22. Calculate b(5).
3
Let z(x) = -x - 8. Give z(-6).
-2
Let f(g) = 2*g**2 + 5*g + 9. Determine f(-2).
7
Let w(v) = 5*v - 19. Give w(-4).
-39
Let j(y) = -y**2 + 20*y + 11. Determine j(14).
95
Let s(r) = -r + 5. Calculate s(9).
-4
Let k(v) = -19*v - 243. What is k(-12)?
-15
Let r(s) = s**2 - 27*s + 24. Calculate r(26).
-2
Let s(k) = -k**3 - 9*k**2 + 8*k - 12. Give s(-10).
8
Let u(y) = 106*y - 529. Determine u(5).
1
Let p(l) = -l**3 - l**2 + 6*l - 3. Calculate p(-4).
21
Let y(v) = -v**3 + 11*v**2 - 17*v - 13. Calculate y(9).
-4
Let g(p) = -p**2 - 9*p - 25. Give g(-9).
-25
Let g(k) = k**2 - 34*k + 99. Calculate g(31).
6
Let i(c) = -2*c**3 - 41*c**2 - 28*c + 23. Determine i(-20).
183
Let v(q) = q**3 + 14*q**2 + 12*q - 19. Calculate v(-13).
-6
Let j(p) = p**2 + 9*p + 10. Give j(-6).
-8
Let s(m) = m**2 + 9*m + 12. Give s(-10).
22
Let u(v) = -3*v - 2. What is u(-2)?
4
Let j(z) = z**3 + 6*z**2 + 6*z + 2. What is j(-5)?
-3
Let h(s) = -s**2 - 11*s - 28. Calculate h(-7).
0
Let o(s) = -23*s - 1. Give o(-2).
45
Let d(m) = 19*m**3 + 2*m**2 + 2*m + 1. Determine d(-1).
-18
Let t(f) = -48*f - 11. Calculate t(2).
-107
Let p(j) = -j**3 + 7*j**2 + 4. Determine p(6).
40
Let k(x) = -x**3 - 12*x**2 + 14. Calculate k(-12).
14
Let d(b) = -2*b**2 - 2*b + 12. Give d(-2).
8
Let d(s) = -4*s**2 - 3*s + 8. What is d(-5)?
-77
Let u(c) = -26*c**3 - 2*c**2 - c. Determine u(-1).
25
Let n(b) = 7*b + 49. Calculate n(-8).
-7
Let r(m) = m**3 - 12*m**2 + 7*m - 30. Give r(12).
54
Let l(v) = -v**3 - 14*v**2 + 14*v - 19. Determine l(-15).
-4
Let g(f) = -5*f - 24. Calculate g(-7).
11
Let j(l) = -4*l + 12. Calculate j(3).
0
Let a(y) = y**2 + 13*y + 23. What is a(-8)?
-17
Let m(x) = x**2 + x - 43. Calculate m(6).
-1
Let o(b) = -b - 2. What is o(-5)?
3
Let t(d) = 6*d - 12. Calculate t(3).
6
Let l(z) = z**3 - 13*z**2 + 1. What is l(13)?
1
Let w(y) = y**2 - 25*y + 1. Determine w(0).
1
Let v(u) = u**2 + 34*u + 29. Determine v(-33).
-4
Let p(a) = -4*a**2 - 25*a - 15. Give p(-5).
10
Let g(n) = -2*n**2 + 8*n - 9. Give g(2).
-1
Let o(z) = z**2 + z + 36. Determine o(0).
36
Let r(z) = z**3 + 3*z**2 - 5*z - 15. Calculate r(-3).
0
Let b(i) = -i**2 + 13*i - 15. Determine b(11).
7
Let q(x) = -x**3 - 7*x**2 - 8*x - 7. Calculate q(-5).
-17
Let f(c) = c**3 - 15*c**2 + 31*c - 66. Give f(13).
-1
Let r(k) = 2*k**3 - 2*k**2 + 2*k - 1. Calculate r(1).
1
Let w(y) = -4*y**2 + 3*y - 3. Calculate w(2).
-13
Let k(w) = -w + 11. What is k(10)?
1
Let v(r) = -3*r**2 - 18*r - 14. What is v(-9)?
-95
Let d(y) = -2*y**2 + 11*y - 6. What is d(4)?
6
Let b(h) = -h**3 - 14*h**2 + 17*h + 27. What is b(-15)?
-3
Let b(d) = -d**2 - 10*d + 16. Calculate b(-8).
32
Let f(o) = 5*o**2 - 4. Calculate f(-2).
16
Let s(r) = -r**3 + 7*r**2 + 11*r + 27. What is s(8)?
51
Let q(t) = 5*t + 50. Determine q(-9).
5
Let g(z) = -z**3 + 15*z**2 - 22*z + 19. What is g(13)?
71
Let y(d) = 21*d + 2. Determine y(3).
65
Let x(p) = -4*p. Determine x(-1).
4
Let r(l) = 2*l + 64. Give r(-26).
12
Let h(n) = -n**3 - 10*n**2 - 5*n - 67. Calculate h(-10).
-17
Let o(k) = k**3 - 10*k**2 - 2*k + 16. Determine o(10).
-4
Let x(j) = 13*j - 63. Give x(6).
15
Let u(d) = 7*d**2 - 12*d - 3. Determine u(2).
1
Let d(b) = b**3 - 41*b**2 - 40*b - 65. Give d(42).
19
Let g(o) = o + 9. What is g(-3)?
6
Let x(m) = 2*m**2 + 9*m - 6. Calculate x(-7).
29
Let p(f) = -f**2 - 2*f - 7. What is p(-8)?
-55
Let p(q) = -q**2 - 54*q + 790. What is p(12)?
-2
Let g(n) = -n**2 - 27*n + 8. What is g(-27)?
8
Let y(k) = 2*k - 4. Determine y(13).
22
Let q(l) = -l**3 + 12*l**2 + 16*l - 12. What is q(13)?
27
Let b(x) = 9*x**3 - 3*x**2 - 3*x - 2. Calculate b(-2).
-80
Let g(i) = -i**3 - 14*i**2 - i - 5. Give g(-14).
9
Let f(x) = -x**3 - 32*x**2 - 32*x + 29. Give f(-31).
60
Let m(q) = q**2 - 36. Give m(-6).
0
Let g(h) = 47*h + 1. What is g(1)?
48
Let j(u) = -4*u**3 - u**2 - u + 1. What is j(1)?
-5
Let c(q) = -q**3 - q + 2. Determine c(0).
2
Let z(l) = -l**3 + 8*l**2 + 3*l - 8. What is z(9)?
-62
Let w(d) = d**3 + 13*d - 7. Calculate w(0).
-7
Let h(m) = m**3 + 9*m**2 + 9*m + 9. Calculate h(-8).
1
Let a(x) = 2*x**3 - x**2 + 4*x - 3. What is a(3)?
54
Let v(q) = -q**3 + 16*q**2 + 14*q + 47. Calculate v(17).
-4
Let p(g) = -127*g - 255. Give p(-2).
-1
Let p(x) = -x**3 - 4*x**2 + 3*x - 4. Calculate p(-4).
-16
Let m(i) = -i**2 + 2*i - 57. Give m(0).
-57
Let k(i) = -i**2 + 15*i - 12. What is k(13)?
14
Let v(p) = 2*p**2 - 44*p + 210. Determine v(6).
18
Let c(l) = -l**3 - 2*l**2 + 12*l - 24. What is c(-5)?
-9
Let u(i) = -i**2 - 22*i - 2. Determine u(-22).
-2
Let f(q) = q**3 - 17*q**2 + 31*q. Determine f(15).
15
Let v(y) = 28*y + 100. What is v(-6)?
-68
Let d(c) = -c**3 + 16*c**2 + 13*c + 41. Determine d(17).
-27
Let x(g) = -7*g + 2. Calculate x(-1).
9
Let g(l) = l**3 - 9*l**2 + 13*l + 8. Determine g(7).
1
Let l(m) = m**3 - 7*m**2 - 6*m - 9. What is l(8)?
7
Let m(v) = 3*v**3 - 5*v**2 + 4. Determine m(2).
8
Let m(o) = o**2 - 25*o - 23. Give m(26).
3
Let p(u) = -u - 7. What is p(-3)?
-4
Let a(n) = 4*n + 70. What is a(-16)?
6
Let h(d) = d + 28. What is h(-10)?
18
Let y(t) = -2*t + 23. What is y(11)?
1
Let z(r) = r**3 + 2*r**2 + 2*r + 1. Give z(-2).
-3
Let i(l) = -l + 8. Calculate i(6).
2
Let m(o) = -2*o**2 - 4*o - 4. Give m(-3).
-10
Let h(f) = f**3 + 28*f**2 + 26*f + 3. What is h(-27)?
30
Let x(o) = 18*o**2 - o - 1. Give x(-1).
18
Let d(c) = c**2 + 6*c - 7. Determine d(-6).
-7
Let q(i) = -i**3 - 4*i**2. Give q(-4).
0
Let p(i) = -2*i**3 - 8*i**2 + 6*i + 3. Give p(-4).
-21
Let c(g) = 5*g**2 - 10*g - 8. Calculate c(-1).
7
Let p(q) = -10*q + 94. What is p(9)?
4
Let g(b) = -6*b + 36. Calculate g(9).
-18
Let h(d) = -5*d**2 + 5*d. Determine h(2).
-10
Let u(n) = -n**3 - 18*n**2 + n - 15. Give u(-18).
-33
Let p(q) = q**3 + 18*q**2 + 75*q - 17. Determine p(-7).
-3
Let q(u) = -5*u**3 - 3*u**2 + 8*u - 7. Determine q(2).
-43
Let w(p) = -40*p**3 - p**2 + 2*p + 2. Determine w(-1).
39
Let b(d) = 11*d + 148. What is b(-13)?
5
Let d(j) = 28*j + 7. What is d(-6)?
-161
Let u(x) = x**2 - 18*x + 11. Give u(17).
-6
Let u(f) = -7*f + 28. What is u(5)?
-7
Let m(a) = -254*a + 254